{"id":446,"date":"2015-01-15T14:14:19","date_gmt":"2015-01-15T13:14:19","guid":{"rendered":"https:\/\/www.labunie.com.pl\/?page_id=446"},"modified":"2025-02-04T12:57:13","modified_gmt":"2025-02-04T11:57:13","slug":"polozenie","status":"publish","type":"page","link":"https:\/\/labunie.com.pl\/?page_id=446","title":{"rendered":"Po\u0142o\u017cenie"},"content":{"rendered":"\n<p>Gmina \u0141abunie po\u0142o\u017cona jest w po\u0142udniowo-wschodniej cz\u0119\u015bci wojew\u00f3dztwa lubelskiego i w analogicznej cz\u0119\u015bci powiatu zamojskiego. S\u0105siaduje z gminami: Komar\u00f3w-Osada (od wschodu), Adam\u00f3w (od po\u0142udniowego zachodu), Krynice (od po\u0142udnia), Zamo\u015b\u0107 (od zachodu) i Sitno (od p\u00f3\u0142nocy). Przez \u0141abunie przebiega Droga Krajowa nr 17, \u0142\u0105cz\u0105ca Lublin z przej\u015bciem granicznym w Hrebennem. <\/p>\n\n\n\n<div style=\"height:20px\" aria-hidden=\"true\" class=\"wp-block-spacer\"><\/div>\n\n\n\n<p>Z \u0141abu\u0144 do Zamo\u015bcia jest 10 km, do Lublina 96 km, a do polsko-ukrai\u0144skiego przej\u015bcia granicznego w Hrebennem 50 km. <\/p>\n\n\n\n<div style=\"height:20px\" aria-hidden=\"true\" class=\"wp-block-spacer\"><\/div>\n\n\n\n<p>Gmina \u0141abunie le\u017cy na styku trzech mezoregion\u00f3w: Pado\u0142u Zamojskiego, Roztocza \u015arodkowego i Grz\u0119dy Sokalskiej. <\/p>\n\n\n<p><iframe loading=\"lazy\" style=\"border: 0;\" src=\"https:\/\/www.google.com\/maps\/embed?pb=!1m18!1m12!1m3!1d80959.11675184873!2d23.334067902734375!3d50.6462037538465!2m3!1f0!2f0!3f0!3m2!1i1024!2i768!4f13.1!3m3!1m2!1s0x47235fd303707745%3A0x880449338e76bb0d!2zxYFhYnVuaWU!5e0!3m2!1spl!2spl!4v1421926473882\" width=\"600\" height=\"450\" frameborder=\"0\"><\/iframe><\/p>\n\n\n<div style=\"height:20px\" aria-hidden=\"true\" class=\"wp-block-spacer\"><\/div>\n\n\n\n<p>Na 87,3 km<sup>2<\/sup> powierzchni zamieszkuje <strong>6122 <\/strong>mieszka\u0144c\u00f3w: <strong>3127 <\/strong>kobiet (51,1%) i <strong>2995 <\/strong>m\u0119\u017cczyzn (48,9%) &#8211; dane wed\u0142ug stanu na dzie\u0144 31 grudnia 2024 r. <\/p>\n\n\n\n<div style=\"height:20px\" aria-hidden=\"true\" class=\"wp-block-spacer\"><\/div>\n\n\n\n<p> Ludno\u015b\u0107 gminy zamieszkuje w 13 so\u0142ectwach: <\/p>\n\n\n\n<figure class=\"wp-block-table is-style-stripes\"><table><thead><tr><th>so\u0142ectwo<\/th><th class=\"has-text-align-right\" data-align=\"right\">liczba<br>mieszka\u0144c\u00f3w<\/th><th class=\"has-text-align-right\" data-align=\"right\">powierzchnia<\/th><\/tr><\/thead><tbody><tr><td><a href=\"https:\/\/www.labunie.com.pl\/?page_id=565\">Barchacz\u00f3w<\/a><\/td><td class=\"has-text-align-right\" data-align=\"right\">407<\/td><td class=\"has-text-align-right\" data-align=\"right\">690 ha<\/td><\/tr><tr><td><a href=\"https:\/\/www.labunie.com.pl\/?page_id=566\">Br\u00f3dek<\/a><\/td><td class=\"has-text-align-right\" data-align=\"right\">237<\/td><td class=\"has-text-align-right\" data-align=\"right\">269 ha<\/td><\/tr><tr><td><a href=\"https:\/\/www.labunie.com.pl\/?page_id=567\">D\u0105browa<\/a><\/td><td class=\"has-text-align-right\" data-align=\"right\">68<\/td><td class=\"has-text-align-right\" data-align=\"right\">407 ha<\/td><\/tr><tr><td><a href=\"https:\/\/www.labunie.com.pl\/?page_id=568\">\u0141abunie<\/a><\/td><td class=\"has-text-align-right\" data-align=\"right\">1719<\/td><td class=\"has-text-align-right\" data-align=\"right\">1661 ha<\/td><\/tr><tr><td><a href=\"https:\/\/www.labunie.com.pl\/?page_id=569\">\u0141abunie-Reforma<\/a><\/td><td class=\"has-text-align-right\" data-align=\"right\">245<\/td><td class=\"has-text-align-right\" data-align=\"right\">917 ha<\/td><\/tr><tr><td><a href=\"https:\/\/www.labunie.com.pl\/?page_id=571\">\u0141abu\u0144ki Drugie<\/a><\/td><td class=\"has-text-align-right\" data-align=\"right\">336<\/td><td class=\"has-text-align-right\" data-align=\"right\">335 ha<\/td><\/tr><tr><td><a href=\"https:\/\/www.labunie.com.pl\/?page_id=572\">\u0141abu\u0144ki Pierwsze<\/a><\/td><td class=\"has-text-align-right\" data-align=\"right\">1102<\/td><td class=\"has-text-align-right\" data-align=\"right\">824 ha<\/td><\/tr><tr><td><a href=\"https:\/\/www.labunie.com.pl\/?page_id=573\">Majdan Ruszowski<\/a><\/td><td class=\"has-text-align-right\" data-align=\"right\">252<\/td><td class=\"has-text-align-right\" data-align=\"right\">446 ha<\/td><\/tr><tr><td><a href=\"https:\/\/www.labunie.com.pl\/?page_id=576\">Moc\u00f3wka<\/a><\/td><td class=\"has-text-align-right\" data-align=\"right\">135<\/td><td class=\"has-text-align-right\" data-align=\"right\">521 ha<\/td><\/tr><tr><td><a href=\"https:\/\/www.labunie.com.pl\/?page_id=577\">Rusz\u00f3w<\/a><\/td><td class=\"has-text-align-right\" data-align=\"right\">466<\/td><td class=\"has-text-align-right\" data-align=\"right\">1071 ha<\/td><\/tr><tr><td><a href=\"https:\/\/www.labunie.com.pl\/?page_id=578\">Rusz\u00f3w-Kolonia<\/a><\/td><td class=\"has-text-align-right\" data-align=\"right\">158<\/td><td class=\"has-text-align-right\" data-align=\"right\">354 ha<\/td><\/tr><tr><td><a href=\"https:\/\/www.labunie.com.pl\/?page_id=579\">Wierzbie<\/a><\/td><td class=\"has-text-align-right\" data-align=\"right\">390<\/td><td class=\"has-text-align-right\" data-align=\"right\">582 ha<\/td><\/tr><tr><td><a href=\"https:\/\/www.labunie.com.pl\/?page_id=580\">W\u00f3lka \u0141abu\u0144ska<\/a><\/td><td class=\"has-text-align-right\" data-align=\"right\">607<\/td><td class=\"has-text-align-right\" data-align=\"right\">653 ha<\/td><\/tr><\/tbody><tfoot><tr><td><strong>Gmina \u0141abunie razem<\/strong><\/td><td class=\"has-text-align-right\" data-align=\"right\"><strong>6122<\/strong><\/td><td class=\"has-text-align-right\" data-align=\"right\"><strong>8730 ha<\/strong><\/td><\/tr><\/tfoot><\/table><\/figure>\n\n\n\n<div style=\"height:20px\" aria-hidden=\"true\" class=\"wp-block-spacer\"><\/div>\n\n\n\n<p>Gmina \u0141abunie jest najmniejsz\u0105 obszarowo gmin\u0105 w powiecie zamojskim, z g\u0119sto\u015bci\u0105 zaludnienia&nbsp;na poziomie <strong>70,1 os.\/km<sup>2<\/sup><\/strong>.<\/p>\n\n\n\n<div style=\"height:20px\" aria-hidden=\"true\" class=\"wp-block-spacer\"><\/div>\n\n\n\n<p>Jej powierzchnia wynosi 8730 ha, w tym:<\/p>\n\n\n\n<ul class=\"wp-block-list\"><li>u\u017cytki rolne zajmuj\u0105: 6377 ha<\/li><li>lasy: 1784 ha<\/li><li>teren zabudowy: 232 ha<\/li><li>drogi: 176 ha<\/li><li>odkryte zbiorniki wodne: 136 ha<\/li><li>nieu\u017cytki: 25 ha<\/li><\/ul>\n","protected":false},"excerpt":{"rendered":"<p>Gmina \u0141abunie po\u0142o\u017cona jest w po\u0142udniowo-wschodniej cz\u0119\u015bci wojew\u00f3dztwa lubelskiego i w analogicznej cz\u0119\u015bci powiatu zamojskiego. S\u0105siaduje z gminami: Komar\u00f3w-Osada (od wschodu), Adam\u00f3w (od po\u0142udniowego zachodu), Krynice (od po\u0142udnia), Zamo\u015b\u0107 (od zachodu) i Sitno (od p\u00f3\u0142nocy). Przez \u0141abunie przebiega Droga Krajowa nr 17, \u0142\u0105cz\u0105ca Lublin z przej\u015bciem granicznym w Hrebennem. Z \u0141abu\u0144 do Zamo\u015bcia jest 10 [&hellip;]<\/p>\n","protected":false},"author":7,"featured_media":0,"parent":248,"menu_order":0,"comment_status":"closed","ping_status":"closed","template":"","meta":{"footnotes":""},"class_list":["post-446","page","type-page","status-publish","hentry","clearfix"],"_links":{"self":[{"href":"https:\/\/labunie.com.pl\/index.php?rest_route=\/wp\/v2\/pages\/446","targetHints":{"allow":["GET"]}}],"collection":[{"href":"https:\/\/labunie.com.pl\/index.php?rest_route=\/wp\/v2\/pages"}],"about":[{"href":"https:\/\/labunie.com.pl\/index.php?rest_route=\/wp\/v2\/types\/page"}],"author":[{"embeddable":true,"href":"https:\/\/labunie.com.pl\/index.php?rest_route=\/wp\/v2\/users\/7"}],"replies":[{"embeddable":true,"href":"https:\/\/labunie.com.pl\/index.php?rest_route=%2Fwp%2Fv2%2Fcomments&post=446"}],"version-history":[{"count":5,"href":"https:\/\/labunie.com.pl\/index.php?rest_route=\/wp\/v2\/pages\/446\/revisions"}],"predecessor-version":[{"id":39446,"href":"https:\/\/labunie.com.pl\/index.php?rest_route=\/wp\/v2\/pages\/446\/revisions\/39446"}],"up":[{"embeddable":true,"href":"https:\/\/labunie.com.pl\/index.php?rest_route=\/wp\/v2\/pages\/248"}],"wp:attachment":[{"href":"https:\/\/labunie.com.pl\/index.php?rest_route=%2Fwp%2Fv2%2Fmedia&parent=446"}],"curies":[{"name":"wp","href":"https:\/\/api.w.org\/{rel}","templated":true}]}}