{"id":578,"date":"2015-01-15T14:45:52","date_gmt":"2015-01-15T13:45:52","guid":{"rendered":"https:\/\/www.labunie.com.pl\/?page_id=578"},"modified":"2025-02-04T12:18:04","modified_gmt":"2025-02-04T11:18:04","slug":"ruszow-kolonia","status":"publish","type":"page","link":"https:\/\/labunie.com.pl\/?page_id=578","title":{"rendered":"Rusz\u00f3w-Kolonia"},"content":{"rendered":"<p>Wie\u015b ta po\u0142o\u017cona na zachodnim skraju Gminy \u0141abunie.<\/p>\n<p align=\"justify\">Pierwsza wzmianka o Ruszowie-Kolonii pochodzi z roku 1472. Miejscowo\u015b\u0107 t\u0105 zlokalizowano w dolinie gdzie dawniej by\u0142y bagna. 12 grudnia 1942 r. wie\u015b zosta\u0142a wysiedlona przez Niemc\u00f3w.<\/p>\n<table class=\" aligncenter\" style=\"width: 374px; border-color: #000000; height: 30px;\">\n<tbody>\n<tr style=\"height: 50px; background-color: #005799;\">\n<td style=\"width: 418px; height: 53px; text-align: center;\" colspan=\"9\"><span style=\"color: #ffffff;\"><em><strong>Dane so\u0142ectwa<\/strong><\/em><\/span><\/td>\n<\/tr>\n<tr style=\"height: 4px;\">\n<td style=\"width: 10px; height: 4px;\"><\/td>\n<td style=\"width: 323.5px; height: 4px;\" colspan=\"6\"><\/td>\n<td style=\"width: 73.5px; height: 4px;\"><\/td>\n<td style=\"width: 11px; height: 4px;\"><\/td>\n<\/tr>\n<tr style=\"height: 53px; background-color: #33c2ff;\">\n<td style=\"width: 10px; height: 53px;\"><\/td>\n<td style=\"width: 323.5px; height: 53px;\" colspan=\"6\"><strong>Powierzchnia<br \/>\n<\/strong><\/td>\n<td style=\"width: 73.5px; height: 53px; text-align: right;\"><strong>354 ha<\/strong><\/td>\n<td style=\"width: 11px; height: 53px;\"><\/td>\n<\/tr>\n<tr style=\"height: 4px;\">\n<td style=\"width: 333.5px; height: 4px;\" colspan=\"7\"><\/td>\n<td style=\"width: 73.5px; height: 4px;\"><\/td>\n<td style=\"width: 11px; height: 4px;\"><\/td>\n<\/tr>\n<tr style=\"height: 24px; background-color: #91d5ff;\">\n<td style=\"width: 10px; height: 24px;\"><\/td>\n<td style=\"width: 323.5px; height: 24px;\" colspan=\"6\"><strong>Liczba mieszka\u0144c\u00f3w<br \/>\n<\/strong><\/td>\n<td style=\"width: 73.5px; height: 24px;\"><\/td>\n<td style=\"width: 11px; height: 24px;\"><\/td>\n<\/tr>\n<tr style=\"height: 24px; background-color: #91d5ff;\">\n<td style=\"width: 10px; height: 24px;\"><\/td>\n<td style=\"width: 40px; height: 24px;\" colspan=\"4\"><\/td>\n<td style=\"width: 283.5px; height: 24px;\" colspan=\"2\">kobiety<\/td>\n<td style=\"width: 73.5px; height: 24px; text-align: right;\">84<\/td>\n<td style=\"width: 11px; height: 24px; text-align: right;\"><\/td>\n<\/tr>\n<tr style=\"height: 24px; background-color: #91d5ff;\">\n<td style=\"width: 10px; height: 24px;\"><\/td>\n<td style=\"width: 40px; height: 24px;\" colspan=\"4\"><\/td>\n<td style=\"width: 283.5px; height: 24px;\" colspan=\"2\">m\u0119\u017cczy\u017ani<\/td>\n<td style=\"width: 73.5px; height: 24px; text-align: right;\">74<\/td>\n<td style=\"width: 11px; height: 24px; text-align: right;\"><\/td>\n<\/tr>\n<tr style=\"height: 24px; background-color: #91d5ff;\">\n<td style=\"width: 10px; height: 24px;\"><\/td>\n<td style=\"width: 323.5px; height: 24px;\" colspan=\"6\"><strong>razem<\/strong><\/td>\n<td style=\"width: 73.5px; height: 24px; text-align: right;\"><strong>158<\/strong><\/td>\n<td style=\"width: 11px; height: 24px; text-align: right;\"><\/td>\n<\/tr>\n<tr style=\"height: 24px;\">\n<td style=\"width: 418px; height: 24px; text-align: right;\" colspan=\"9\"><em><span style=\"font-size: 8pt;\">(dane wg stanu na dzie\u0144 31 grudnia 2024 r.)<\/span><\/em><\/td>\n<\/tr>\n<\/tbody>\n<\/table>\n","protected":false},"excerpt":{"rendered":"<p>Wie\u015b ta po\u0142o\u017cona na zachodnim skraju Gminy \u0141abunie. Pierwsza wzmianka o Ruszowie-Kolonii pochodzi z roku 1472. Miejscowo\u015b\u0107 t\u0105 zlokalizowano w dolinie gdzie dawniej by\u0142y bagna. 12 grudnia 1942 r. wie\u015b zosta\u0142a wysiedlona przez Niemc\u00f3w. Dane so\u0142ectwa Powierzchnia 354 ha Liczba mieszka\u0144c\u00f3w kobiety 84 m\u0119\u017cczy\u017ani 74 razem 158 (dane wg stanu na dzie\u0144 31 grudnia 2024 [&hellip;]<\/p>\n","protected":false},"author":7,"featured_media":0,"parent":449,"menu_order":10,"comment_status":"closed","ping_status":"closed","template":"","meta":{"footnotes":""},"class_list":["post-578","page","type-page","status-publish","hentry","clearfix"],"_links":{"self":[{"href":"https:\/\/labunie.com.pl\/index.php?rest_route=\/wp\/v2\/pages\/578","targetHints":{"allow":["GET"]}}],"collection":[{"href":"https:\/\/labunie.com.pl\/index.php?rest_route=\/wp\/v2\/pages"}],"about":[{"href":"https:\/\/labunie.com.pl\/index.php?rest_route=\/wp\/v2\/types\/page"}],"author":[{"embeddable":true,"href":"https:\/\/labunie.com.pl\/index.php?rest_route=\/wp\/v2\/users\/7"}],"replies":[{"embeddable":true,"href":"https:\/\/labunie.com.pl\/index.php?rest_route=%2Fwp%2Fv2%2Fcomments&post=578"}],"version-history":[{"count":5,"href":"https:\/\/labunie.com.pl\/index.php?rest_route=\/wp\/v2\/pages\/578\/revisions"}],"predecessor-version":[{"id":39435,"href":"https:\/\/labunie.com.pl\/index.php?rest_route=\/wp\/v2\/pages\/578\/revisions\/39435"}],"up":[{"embeddable":true,"href":"https:\/\/labunie.com.pl\/index.php?rest_route=\/wp\/v2\/pages\/449"}],"wp:attachment":[{"href":"https:\/\/labunie.com.pl\/index.php?rest_route=%2Fwp%2Fv2%2Fmedia&parent=578"}],"curies":[{"name":"wp","href":"https:\/\/api.w.org\/{rel}","templated":true}]}}