{"id":580,"date":"2015-01-15T14:45:52","date_gmt":"2015-01-15T13:45:52","guid":{"rendered":"https:\/\/www.labunie.com.pl\/?page_id=580"},"modified":"2025-02-04T12:19:08","modified_gmt":"2025-02-04T11:19:08","slug":"mocowka-2","status":"publish","type":"page","link":"https:\/\/labunie.com.pl\/?page_id=580","title":{"rendered":"W\u00f3lka \u0141abu\u0144ska"},"content":{"rendered":"<p align=\"justify\">W\u00f3lka \u0141abu\u0144ska po\u0142o\u017cona jest na po\u0142udniowo-wschodnim skraju Gminy \u0141abunie, na pograniczu Grz\u0119dy Sokalskiej, Pado\u0142u Zamojskiego i Roztocza.<\/p>\n<p align=\"justify\">Pierwsza wzmianka o miejscowo\u015bci pochodzi z 1507 roku.<\/p>\n<table class=\" aligncenter\" style=\"width: 374px; border-color: #000000; height: 30px;\">\n<tbody>\n<tr style=\"height: 50px; background-color: #005799;\">\n<td style=\"width: 10px; height: 53px; text-align: center;\" colspan=\"9\"><span style=\"color: #ffffff;\"><em><strong>Dane so\u0142ectwa<\/strong><\/em><\/span><\/td>\n<\/tr>\n<tr style=\"height: 4px;\">\n<td style=\"width: 10px; height: 4px;\"><\/td>\n<td style=\"width: 307px; height: 4px;\" colspan=\"6\"><\/td>\n<td style=\"width: 74px; height: 4px;\"><\/td>\n<td style=\"width: 11px; height: 4px;\"><\/td>\n<\/tr>\n<tr style=\"height: 53px; background-color: #33c2ff;\">\n<td style=\"width: 10px; height: 53px;\"><\/td>\n<td style=\"width: 307px; height: 53px;\" colspan=\"6\"><strong>Powierzchnia<br \/>\n<\/strong><\/td>\n<td style=\"width: 74px; height: 53px; text-align: right;\"><strong>653 ha<\/strong><\/td>\n<td style=\"width: 11px; height: 53px;\"><\/td>\n<\/tr>\n<tr style=\"height: 4px;\">\n<td style=\"width: 317px; height: 4px;\" colspan=\"7\"><\/td>\n<td style=\"width: 74px; height: 4px;\"><\/td>\n<td style=\"width: 11px; height: 4px;\"><\/td>\n<\/tr>\n<tr style=\"height: 24px; background-color: #91d5ff;\">\n<td style=\"width: 10px; height: 24px;\"><\/td>\n<td style=\"width: 307px; height: 24px;\" colspan=\"6\"><strong>Liczba mieszka\u0144c\u00f3w<br \/>\n<\/strong><\/td>\n<td style=\"width: 74px; height: 24px;\"><\/td>\n<td style=\"width: 11px; height: 24px;\"><\/td>\n<\/tr>\n<tr style=\"height: 24px; background-color: #91d5ff;\">\n<td style=\"width: 10px; height: 24px;\"><\/td>\n<td style=\"width: 40px; height: 24px;\" colspan=\"4\"><\/td>\n<td style=\"width: 267px; height: 24px;\" colspan=\"2\">kobiety<\/td>\n<td style=\"width: 74px; height: 24px; text-align: right;\">305<\/td>\n<td style=\"width: 11px; height: 24px; text-align: right;\"><\/td>\n<\/tr>\n<tr style=\"height: 24px; background-color: #91d5ff;\">\n<td style=\"width: 10px; height: 24px;\"><\/td>\n<td style=\"width: 40px; height: 24px;\" colspan=\"4\"><\/td>\n<td style=\"width: 267px; height: 24px;\" colspan=\"2\">m\u0119\u017cczy\u017ani<\/td>\n<td style=\"width: 74px; height: 24px; text-align: right;\">302<\/td>\n<td style=\"width: 11px; height: 24px; text-align: right;\"><\/td>\n<\/tr>\n<tr style=\"height: 24px; background-color: #91d5ff;\">\n<td style=\"width: 10px; height: 24px;\"><\/td>\n<td style=\"width: 307px; height: 24px;\" colspan=\"6\"><strong>razem<\/strong><\/td>\n<td style=\"width: 74px; height: 24px; text-align: right;\"><strong>607<\/strong><\/td>\n<td style=\"width: 11px; height: 24px; text-align: right;\"><\/td>\n<\/tr>\n<tr style=\"height: 24px;\">\n<td style=\"width: 402px; height: 24px; text-align: right;\" colspan=\"9\"><em><span style=\"font-size: 8pt;\">(dane wg stanu na dzie\u0144 31 grudnia 2024 r.)<\/span><\/em><\/td>\n<\/tr>\n<\/tbody>\n<\/table>\n","protected":false},"excerpt":{"rendered":"<p>W\u00f3lka \u0141abu\u0144ska po\u0142o\u017cona jest na po\u0142udniowo-wschodnim skraju Gminy \u0141abunie, na pograniczu Grz\u0119dy Sokalskiej, Pado\u0142u Zamojskiego i Roztocza. Pierwsza wzmianka o miejscowo\u015bci pochodzi z 1507 roku. Dane so\u0142ectwa Powierzchnia 653 ha Liczba mieszka\u0144c\u00f3w kobiety 305 m\u0119\u017cczy\u017ani 302 razem 607 (dane wg stanu na dzie\u0144 31 grudnia 2024 r.)<\/p>\n","protected":false},"author":7,"featured_media":0,"parent":449,"menu_order":12,"comment_status":"closed","ping_status":"closed","template":"","meta":{"footnotes":""},"class_list":["post-580","page","type-page","status-publish","hentry","clearfix"],"_links":{"self":[{"href":"https:\/\/labunie.com.pl\/index.php?rest_route=\/wp\/v2\/pages\/580","targetHints":{"allow":["GET"]}}],"collection":[{"href":"https:\/\/labunie.com.pl\/index.php?rest_route=\/wp\/v2\/pages"}],"about":[{"href":"https:\/\/labunie.com.pl\/index.php?rest_route=\/wp\/v2\/types\/page"}],"author":[{"embeddable":true,"href":"https:\/\/labunie.com.pl\/index.php?rest_route=\/wp\/v2\/users\/7"}],"replies":[{"embeddable":true,"href":"https:\/\/labunie.com.pl\/index.php?rest_route=%2Fwp%2Fv2%2Fcomments&post=580"}],"version-history":[{"count":5,"href":"https:\/\/labunie.com.pl\/index.php?rest_route=\/wp\/v2\/pages\/580\/revisions"}],"predecessor-version":[{"id":39437,"href":"https:\/\/labunie.com.pl\/index.php?rest_route=\/wp\/v2\/pages\/580\/revisions\/39437"}],"up":[{"embeddable":true,"href":"https:\/\/labunie.com.pl\/index.php?rest_route=\/wp\/v2\/pages\/449"}],"wp:attachment":[{"href":"https:\/\/labunie.com.pl\/index.php?rest_route=%2Fwp%2Fv2%2Fmedia&parent=580"}],"curies":[{"name":"wp","href":"https:\/\/api.w.org\/{rel}","templated":true}]}}