{"id":614,"date":"2015-01-16T09:44:37","date_gmt":"2015-01-16T08:44:37","guid":{"rendered":"https:\/\/www.labunie.com.pl\/?page_id=614"},"modified":"2026-02-27T12:59:52","modified_gmt":"2026-02-27T11:59:52","slug":"kontakt","status":"publish","type":"page","link":"https:\/\/labunie.com.pl\/?page_id=614","title":{"rendered":"Kontakt"},"content":{"rendered":"\n<div class=\"wp-block-columns is-layout-flex wp-container-core-columns-is-layout-9d6595d7 wp-block-columns-is-layout-flex\">\n<div class=\"wp-block-column is-layout-flow wp-block-column-is-layout-flow\" style=\"flex-basis:66.66%\">\n<iframe src=\"https:\/\/www.google.com\/maps\/embed?pb=!4v1767195152341!6m8!1m7!1sQimCIFjrfaTnHmmVH-Rr1g!2m2!1d50.65364107578765!2d23.3673911247852!3f8.20581793949998!4f5.522093260102864!5f1.6483374131134747\" width=\"600\" height=\"450\" style=\"border:0;\" allowfullscreen=\"\" loading=\"lazy\" referrerpolicy=\"no-referrer-when-downgrade\"><\/iframe>\n<\/div>\n\n\n\n<div class=\"wp-block-column is-layout-flow wp-block-column-is-layout-flow\" style=\"flex-basis:33.33%\">\n<h1 class=\"wp-block-heading has-text-align-center\" style=\"font-size:30px\"><span class=\"tadv-color\" style=\"color:#0693e3\"><strong>Urz\u0105d Gminy \u0141abunie<br>ul. Zamojska 50<br>22-437 \u0141abunie <\/strong><\/span><\/h1>\n\n\n\n<p><img loading=\"lazy\" decoding=\"async\" width=\"35\" height=\"35\" class=\"wp-image-42116\" style=\"width: 35px;\" src=\"https:\/\/www.labunie.com.pl\/wp-content\/uploads\/2025\/12\/google_plus_code_ico.png\" alt=\"\" srcset=\"https:\/\/labunie.com.pl\/wp-content\/uploads\/2025\/12\/google_plus_code_ico.png 512w, https:\/\/labunie.com.pl\/wp-content\/uploads\/2025\/12\/google_plus_code_ico-300x300.png 300w, https:\/\/labunie.com.pl\/wp-content\/uploads\/2025\/12\/google_plus_code_ico-150x150.png 150w\" sizes=\"auto, (max-width: 35px) 100vw, 35px\" \/>M939+J2 \u0141abunie<\/p>\n<\/div>\n<\/div>\n\n\n\n<div class=\"wp-block-columns is-layout-flex wp-container-core-columns-is-layout-9d6595d7 wp-block-columns-is-layout-flex\">\n<div class=\"wp-block-column is-layout-flow wp-block-column-is-layout-flow\">\n<p>tel.: <strong>(84) 611 30 19<\/strong> lub<strong> (84) 611 60 11<\/strong><\/p>\n\n\n\n<p>fax:<strong> (84) 611 30 19<\/strong> lub <strong>(84) 611 60 26<\/strong><\/p>\n\n\n\n<div style=\"height:20px\" aria-hidden=\"true\" class=\"wp-block-spacer\"><\/div>\n\n\n\n<div class=\"wp-block-buttons is-content-justification-center is-layout-flex wp-container-core-buttons-is-layout-16018d1d wp-block-buttons-is-layout-flex\">\n<div class=\"wp-block-button has-custom-width wp-block-button__width-100 is-style-outline is-style-outline--1\"><a class=\"wp-block-button__link has-small-font-size has-custom-font-size wp-element-button\" href=\"https:\/\/www.labunie.com.pl\/?page_id=461\" style=\"border-radius:100px\">numery telefon\u00f3w<\/a><\/div>\n<\/div>\n<\/div>\n\n\n\n<div class=\"wp-block-column is-layout-flow wp-block-column-is-layout-flow\">\n<p>e-mail:<strong> <a href=\"mailto:uglabunie@labunie.com.pl\">uglabunie@labunie.com.pl<\/a><\/strong><\/p>\n\n\n\n<p>skrytka ePUAP: <strong>\/uglabunie\/SkrytkaESP<\/strong><\/p>\n\n\n\n<p>e-Dor\u0119czenia: <strong>AE:PL-86733-93376-SJATW-31<\/strong><\/p>\n<\/div>\n<\/div>\n\n\n\n<div style=\"height:20px\" aria-hidden=\"true\" class=\"wp-block-spacer\"><\/div>\n\n\n\n<hr class=\"wp-block-separator has-css-opacity\"\/>\n\n\n\n<h1 class=\"wp-block-heading has-vivid-cyan-blue-color has-text-color has-link-color wp-elements-b9beb498d61d86a4b8703a167a4db8e1\">Rachunek bie\u017c\u0105cy &#8211; podstawowy<\/h1>\n\n\n\n<p class=\"has-vivid-red-color has-text-color has-link-color wp-elements-2ed7cc72e79fbd2d357a61539b5bf384\"><strong>UWAGA!!! <\/strong>1 STYCZNIA 2026 R. NAST\u0104PI\u0141A ZMIANA NUMERU KONTA<\/p>\n\n\n\n<ul class=\"wp-block-list\">\n<li class=\"has-small-font-size\">op\u0142aty za najem i dzier\u017caw\u0119, op\u0142aty za u\u017cytkowanie wieczyste i op\u0142aty za przekszta\u0142cenie prawa u\u017cytkowania wieczystego nieruchomo\u015bci w prawo w\u0142asno\u015bci, op\u0142aty za sprzeda\u017c dzia\u0142ek, budynk\u00f3w i lokali; op\u0142aty za zaj\u0119cie pasa drogowego, op\u0142aty eksploatacyjne, op\u0142aty za koncesje i licencje w tym za wydanie zezwolenia na sprzeda\u017c napoj\u00f3w alkoholowych, op\u0142aty skarbowej, a tak\u017ce wszelkich innych nale\u017cnych wp\u0142at<\/li>\n<\/ul>\n\n\n\n<h2 class=\"wp-block-heading has-text-align-center\">70 1090 2590 0000 0001 6481 1049<\/h2>\n\n\n\n<hr class=\"wp-block-separator has-css-opacity\"\/>\n\n\n\n<div style=\"height:20px\" aria-hidden=\"true\" class=\"wp-block-spacer\"><\/div>\n\n\n\n<h1 class=\"wp-block-heading has-vivid-cyan-blue-color has-text-color has-link-color wp-elements-cfe6952a5aaaf5d2f52631e4496b60e9\">Dane do faktur<\/h1>\n\n\n\n<p><strong>Gmina \u0141abunie<\/strong> <em>&#8211; Nabywca<\/em><br>ul. Zamojska 50<br>22-437 \u0141abunie<br><strong>NIP: 922 294 33 56<\/strong><\/p>\n\n\n\n<p><em>ze wskazaniem danych odbiorcy Rola JST \u2013 Odbiorca:<\/em><br><strong>Urz\u0105d Gminy \u0141abunie<\/strong><br>ul. Zamojska 50<br> 22-437 \u0141abunie<br><strong>NIP: 922 120 33 44<\/strong><\/p>\n\n\n","protected":false},"excerpt":{"rendered":"<p>Urz\u0105d Gminy \u0141abunieul. Zamojska 5022-437 \u0141abunie M939+J2 \u0141abunie tel.: (84) 611 30 19 lub (84) 611 60 11 fax: (84) 611 30 19 lub (84) 611 60 26 e-mail: uglabunie@labunie.com.pl skrytka ePUAP: \/uglabunie\/SkrytkaESP e-Dor\u0119czenia: AE:PL-86733-93376-SJATW-31 Rachunek bie\u017c\u0105cy &#8211; podstawowy UWAGA!!! 1 STYCZNIA 2026 R. NAST\u0104PI\u0141A ZMIANA NUMERU KONTA 70 1090 2590 0000 0001 6481 1049 [&hellip;]<\/p>\n","protected":false},"author":7,"featured_media":0,"parent":0,"menu_order":11,"comment_status":"closed","ping_status":"closed","template":"","meta":{"footnotes":""},"class_list":["post-614","page","type-page","status-publish","hentry","clearfix"],"_links":{"self":[{"href":"https:\/\/labunie.com.pl\/index.php?rest_route=\/wp\/v2\/pages\/614","targetHints":{"allow":["GET"]}}],"collection":[{"href":"https:\/\/labunie.com.pl\/index.php?rest_route=\/wp\/v2\/pages"}],"about":[{"href":"https:\/\/labunie.com.pl\/index.php?rest_route=\/wp\/v2\/types\/page"}],"author":[{"embeddable":true,"href":"https:\/\/labunie.com.pl\/index.php?rest_route=\/wp\/v2\/users\/7"}],"replies":[{"embeddable":true,"href":"https:\/\/labunie.com.pl\/index.php?rest_route=%2Fwp%2Fv2%2Fcomments&post=614"}],"version-history":[{"count":11,"href":"https:\/\/labunie.com.pl\/index.php?rest_route=\/wp\/v2\/pages\/614\/revisions"}],"predecessor-version":[{"id":42907,"href":"https:\/\/labunie.com.pl\/index.php?rest_route=\/wp\/v2\/pages\/614\/revisions\/42907"}],"wp:attachment":[{"href":"https:\/\/labunie.com.pl\/index.php?rest_route=%2Fwp%2Fv2%2Fmedia&parent=614"}],"curies":[{"name":"wp","href":"https:\/\/api.w.org\/{rel}","templated":true}]}}