{"id":670,"date":"2015-01-22T11:42:01","date_gmt":"2015-01-22T10:42:01","guid":{"rendered":"https:\/\/www.labunie.com.pl\/?page_id=670"},"modified":"2018-01-26T09:40:21","modified_gmt":"2018-01-26T08:40:21","slug":"osp-barchaczow","status":"publish","type":"page","link":"https:\/\/labunie.com.pl\/?page_id=670","title":{"rendered":"OSP Barchacz\u00f3w"},"content":{"rendered":"<p>OSP Barchacz\u00f3w powsta\u0142a w 1926 roku (p\u0142k. Skiba w swojej ksi\u0105\u017cce podaje , \u017ce OSP w Barchaczowie powsta\u0142a w 1928 roku) z inicjatywy Ignacego Karchuta. Motopomp\u0119 otrzyma\u0142a w 1958 roku a stra\u017cnice wybudowano w 1935 i 1973 roku.<br \/>\n&nbsp;<br \/>\nOd powstania w roku 1928 funkcj\u0119 prezesa sprawowali: Ignacy Karchut, Feliks Wa\u0142asztyn, Feliks Maliszewski, Stanis\u0142aw So\u0142oducha, Feliks Mazur, Wac\u0142aw Madeja, Andrzej So\u0142oducha i Stanis\u0142aw Topolski, Stanis\u0142aw J\u0119drzejewski, Piotr Rypina.<br \/>\n&nbsp;<br \/>\nNaczelnikiem byli: Antoni Wo\u0142czuk, Antoni Syska, Micha\u0142 Kulesza, Jan Mazurek,Feliks Maliszewski, Andrzej Petryk, Zbigniew Ku\u015bmierz, Stanis\u0142aw J\u0119drzejewski, Antoni Wa\u0142asztyn, Jerzy Flak, Stanis\u0142aw Stojko, Stanis\u0142aw Topolski, Dariusz Helman, Mariusz Helman, Bart\u0142omiej Palonka, Mariusz Halej.<br \/>\n&nbsp;<br \/>\nGospodarzem stra\u017cnicy byli: Henryk J\u0119drzejewski, Emil Krochmal, Franciszek Stojko, Franciszek Drozda, Adam Michniak, Robert Palonka, Tomasz Helman.<br \/>\n&nbsp;<br \/>\nFunkcj\u0119 sekretarza pe\u0142ni\u0142 Stanis\u0142aw Mazur i Zbigniew Ku\u015bmierz, skarbnika Franciszek Flak i J\u00f3zef Mazur a w komisji rewizyjnej zasiadali: Jacek Mach, Wac\u0142aw Madeja, J\u00f3zef Mazur, Stanis\u0142aw Ku\u015bmierz, Konrad Ku\u017ama i Marek Zast\u0105pi\u0142o<br \/>\n&nbsp;<br \/>\n<span style=\"text-decoration: underline;\">Z najnowszej historii OSP Barchacz\u00f3w:<\/span><br \/>\nDruhowie OSP Barchacz\u00f3w bior\u0105 udzia\u0142 w uroczysto\u015bciach patriotyczno &#8211; religijnych i spo\u0142ecznych odbywaj\u0105cych si\u0119 na terenie gminy (do\u017cynki, sprz\u0105tanie \u015bwiata, Polska biega, zawody sportowo &#8211; po\u017carnicze itp), wsp\u00f3\u0142pracuj\u0105 z KGW Barchacz\u00f3w, bior\u0105 udzia\u0142 w usuwaniu skutk\u00f3w miejscowych zagro\u017ce\u0144 (wypompowywanie wody po obfitych opadach deszczu w maju br.), podnosz\u0105 swoje kwalifikacje bior\u0105c udzia\u0142 w organizowanych przez KM PSP w Zamo\u015bciu szkoleniach. W planach jest powo\u0142anie MDP oraz czynienie stara\u0144 w celu pozyskania samochodu po\u017carniczego oraz innego sprz\u0119tu potrzebnego do realizacji zada\u0144 statutowych oraz powi\u0119kszenie liczby cz\u0142onk\u00f3w.<br \/>\nObecnie OSP w coraz wi\u0119kszym stopniu bierze udzia\u0142 w usuwaniu skutk\u00f3w miejscowych zagro\u017ce\u0144; OSP to ludzie i to od nich zale\u017cy czy i jak b\u0119d\u0105 pomaga\u0107 miejscowej ludno\u015bci oraz j\u0105 aktywizowa\u0107 w czasach, w kt\u00f3rych zanika w ludziach ch\u0119\u0107 bezinteresownego dzia\u0142ania dla dobra spo\u0142ecze\u0144stwa.<br \/>\n&nbsp;<br \/>\n<em>Na podstawie ustnych przekaz\u00f3w oraz r\u00f3\u017cnych zapisk\u00f3w informacj\u0119 opracowali dh Piotr\u00a0Rypina i dh Mariusz Halej<\/em><\/p>\n<p style=\"text-align: right;\"><span style=\"font-size: 8pt;\"><em>Ig\u0142a nr 2(7)\/2014 s. 6<\/em><\/span><\/p>\n","protected":false},"excerpt":{"rendered":"<p>OSP Barchacz\u00f3w powsta\u0142a w 1926 roku (p\u0142k. Skiba w swojej ksi\u0105\u017cce podaje , \u017ce OSP w Barchaczowie powsta\u0142a w 1928 roku) z inicjatywy Ignacego Karchuta. Motopomp\u0119 otrzyma\u0142a w 1958 roku a stra\u017cnice wybudowano w 1935 i 1973 roku. &nbsp; Od powstania w roku 1928 funkcj\u0119 prezesa sprawowali: Ignacy Karchut, Feliks Wa\u0142asztyn, Feliks Maliszewski, Stanis\u0142aw So\u0142oducha, [&hellip;]<\/p>\n","protected":false},"author":7,"featured_media":0,"parent":478,"menu_order":0,"comment_status":"closed","ping_status":"closed","template":"","meta":{"footnotes":""},"class_list":["post-670","page","type-page","status-publish","hentry","clearfix"],"_links":{"self":[{"href":"https:\/\/labunie.com.pl\/index.php?rest_route=\/wp\/v2\/pages\/670","targetHints":{"allow":["GET"]}}],"collection":[{"href":"https:\/\/labunie.com.pl\/index.php?rest_route=\/wp\/v2\/pages"}],"about":[{"href":"https:\/\/labunie.com.pl\/index.php?rest_route=\/wp\/v2\/types\/page"}],"author":[{"embeddable":true,"href":"https:\/\/labunie.com.pl\/index.php?rest_route=\/wp\/v2\/users\/7"}],"replies":[{"embeddable":true,"href":"https:\/\/labunie.com.pl\/index.php?rest_route=%2Fwp%2Fv2%2Fcomments&post=670"}],"version-history":[{"count":3,"href":"https:\/\/labunie.com.pl\/index.php?rest_route=\/wp\/v2\/pages\/670\/revisions"}],"predecessor-version":[{"id":7600,"href":"https:\/\/labunie.com.pl\/index.php?rest_route=\/wp\/v2\/pages\/670\/revisions\/7600"}],"up":[{"embeddable":true,"href":"https:\/\/labunie.com.pl\/index.php?rest_route=\/wp\/v2\/pages\/478"}],"wp:attachment":[{"href":"https:\/\/labunie.com.pl\/index.php?rest_route=%2Fwp%2Fv2%2Fmedia&parent=670"}],"curies":[{"name":"wp","href":"https:\/\/api.w.org\/{rel}","templated":true}]}}